h - 260 = -5*v. What is the tens digit of v?
5
Suppose -2310480 = -16*i - 20*i. What is the units digit of i/100 - (-2)/10?
2
Suppose -48346 = -4*a - 5*n + 58723, -a - n + 26765 = 0. What is the units digit of a?
6
Suppose -t - t + 3*f = -33, 3*f + 18 = t. Let a(z) = -z**3 + 14*z**2 + 16*z - 15. Let b be a(t). Suppose b*g = -3*g + 129. What is the tens digit of g?
4
Let h(a) = -a**3 + 16*a**2 - 27*a + 17. Suppose 40 = 5*x - 25. What is the tens digit of h(x)?
7
Suppose 262 + 30 = y. Suppose 0 = 17*p - 18*p + y. What is the hundreds digit of p?
2
Suppose -31 - 38 = -3*p. Suppose -6*y + 6554 = p*y. What is the tens digit of y?
2
Suppose 1688 = -11*c + 19*c. Let w be (-4)/(-1) + 2840/8. Let m = w - c. What is the tens digit of m?
4
Let v be 65/((2 - (3 - -1)) + 3). What is the units digit of 1/(1/v)*(-2 - -3)?
5
Let c(o) = 100*o**2 - 139*o + 129. What is the units digit of c(-10)?
9
Let z = -309 + 309. Suppose -4*a + 6*a - 1778 = z. What is the hundreds digit of a?
8
Suppose -5*x = -5*g - 5, 3*x - 5*g - 1 = -0*g. Suppose -x*c + 304 = 84. What is the units digit of c?
0
Let n = 42 - 42. Suppose y + d - 629 = n, 8*y - 3*y - d = 3169. Suppose -5*c = 2*p - y, 0*c - 5*c + 629 = p. What is the hundreds digit of c?
1
Let w = -98 - -101. What is the tens digit of (0 + 2)/(w/279)?
8
What is the units digit of (-1)/(-17) - (-25221)/119?
2
Let p(d) = -d**2 - 25*d - 36. Let u be p(-23). Suppose 0 = 8*x + u - 282. What is the units digit of x?
4
Suppose -63 - 33 = -4*h. Suppose 15*x - 7*x = h. Suppose -2*c - 62 = x*g - 4*g, -g = -c - 60. What is the units digit of g?
8
Let j = 2604 + -1013. What is the units digit of j?
1
Let o(v) = -v + 1. Let u(f) = 18*f + 7. Let t(q) = 4*o(q) + u(q). What is the units digit of t(1)?
5
Let u(r) = 5 - 4 + 0 - 14 - 1 + 92*r - 2*r**2. What is the hundreds digit of u(39)?
5
Let s(i) = i**3 - 18*i**2 - 10*i - 28. Let g(m) = m**2 + 18*m - 11. Let p be g(-19). Suppose p*n + 0*n - 152 = 0. What is the units digit of s(n)?
3
Let b(m) = 212*m**2 + 47*m + 260. What is the units digit of b(-5)?
5
Let t(o) be the first derivative of -o**2 + 97*o - 41. What is the units digit of t(-22)?
1
What is the thousands digit of (1/(-3) - 331669/(-93)) + -8?
3
Let q(i) = 39*i**2 + 6*i - 10. What is the units digit of q(-7)?
9
Suppose 0*w - 9*w = -47457. Suppose -5*r - 5096 = -4*n, w = 3*n - 2*r + 1451. What is the hundreds digit of n?
2
Suppose 1088*i - 95430 = 1085*i + 4*k, i = 3*k + 31810. What is the ten thousands digit of i?
3
Suppose -4*c = -h - 16, 1 = h + 5. Suppose c*s + 19 = -44. Let u(l) = -3*l + 7. What is the units digit of u(s)?
0
Suppose -42264 = a - 3*a - 3*p, 5*p - 84530 = -4*a. What is the ten thousands digit of a?
2
Let c = 3527 + -3193. What is the tens digit of c?
3
Let j = 192 - 86. Suppose 218 = p - 1. Suppose 2*q = b - 0*q - j, 3*q = -2*b + p. What is the units digit of b?
8
Suppose 0 = q - 2*q + 5, -33 = -2*b - 5*q. Let w(z) = 47*z - 47. Let s(i) = 47*i - 40. Let p(a) = 7*s(a) - 6*w(a). What is the tens digit of p(b)?
9
Let q(w) = -w**3 + 3*w**2 + 8*w + 6. Let c be -2*(-3 + 5)*-1. Let i be q(c). Let g = 49 - i. What is the units digit of g?
7
Let g(q) = -321*q - 12. Let y be g(-4). Suppose 15*z = 19*z - y. What is the tens digit of z?
1
Let d(r) = -r + 8. Suppose 4*n = 8, -3*p + p + 12 = n. Let k be d(p). Suppose 12 = -k*i, 885 = 7*g - 2*g + 5*i. What is the tens digit of g?
8
Let f = -24 - -124. Suppose 30*p - 28*p = 22. Suppose 13*j = p*j + f. What is the units digit of j?
0
Suppose 3*m + 98 = 2*q - 156, -q - 2*m + 120 = 0. Suppose 2*k = 5*t + q, -3*t + 92 = k + 8. Suppose 0 = 85*v - 82*v - k. What is the tens digit of v?
2
Let o = 1845 + -1271. Suppose -5*n + o = -4*x, 377 + 83 = 4*n - 4*x. What is the units digit of -3 + -1 + 5 + n?
5
Let g be (-4)/(-24) - (201/18 + 1). Let x = -33 + g. Let s = 35 - x. What is the tens digit of s?
8
What is the hundreds digit of -2*((-26973)/10 + 20/(-100))?
3
Suppose -4*i - 3*t + 53 = 0, 0 = -4*i + 3*t + 30 + 29. What is the units digit of 644 + i/119 + (-280)/68?
0
What is the ten thousands digit of 53470 + -5*(-2)/(-30)*-36?
5
Let x be (8/(-5))/((14/(-55))/(-7)). Let s be -1 + x/(-4)*1. Suppose 1012 = q + s*q. What is the units digit of q?
2
Let r be (-66)/(-24) - 3/4. Let l(x) = -2 + r*x + 3*x + 14 + 17*x + 2*x**2. What is the hundreds digit of l(-15)?
1
Suppose 0 = 623*d - 615*d - 16. Suppose -4*g = -5*g + 2, 7069 = 5*f + d*g. What is the thousands digit of f?
1
Let v = 620 - 607. Let i(c) = 116*c + 18. What is the hundreds digit of i(v)?
5
Suppose 2*q + 3*k - 2451 = 0, 2*q + 0*k + 2*k - 2446 = 0. Suppose -2*x + 3*f = -485, 5*x - 5*f + 3*f = q. What is the hundreds digit of x?
2
Suppose -2773 = -12*i + 1127. Suppose 326*k - 652 = i*k. What is the units digit of k?
2
Suppose 0*v = 7*v - 2191. Suppose -s - 4*h + v = 0, -3*s + 299 = -4*h - 704. What is the hundreds digit of s?
3
Suppose -5*m + m = -16. Suppose -m*n = -4, -4*n = -12*d + 14*d - 1216. Suppose 0 = 10*l - 2706 + d. What is the tens digit of l?
1
What is the hundreds digit of 130784/11 + (-28 - 3140/(-110))?
8
Let k be ((-14)/(-21))/((-4)/2262). Let o = -350 - k. What is the units digit of o?
7
Let m = -2833 + 5127. Suppose -3*q - 5*g = -2352, -g - m - 842 = -4*q. What is the tens digit of q?
8
Let u = 3 + -2. Let b(p) = -227*p**3 - 21*p**2 + 5. Let j(f) = -4*f**3 - 8*f**2 + 2. Let q(v) = -b(v) + 3*j(v). What is the units digit of q(u)?
3
Suppose 161*r - 2846240 + 79455 = 0. What is the tens digit of r?
8
Let q(v) = 495*v**2 - 3*v + 4. Let h be q(1). Suppose -u - 5*a + 804 = 0, -u - 2*a + h = -314. What is the hundreds digit of u?
8
Let o = 743 - 738. What is the tens digit of 12/(-20) + 1693/o?
3
Suppose -590 = -3*r - 1850. Let s = 106 - r. What is the hundreds digit of s?
5
Let n be 848 - -4*((-4)/(-2) - 1). Suppose -5*g + 8*m - 4*m + 4216 = 0, -g + 3*m = -n. Suppose 3*h + g = 8*h. What is the hundreds digit of h?
1
Let y(a) = -a + 1. Let b be 2 + (0 + 2 - (-10)/(-2)). Let x(w) = -10*w**2 + 10*w - 15. Let k(r) = b*x(r) - 3*y(r). What is the units digit of k(2)?
8
Let w(o) = 17*o**2 - 18*o + 84. What is the tens digit of w(29)?
5
Suppose 0 = 2*a - 375 + 97. Let k(s) = -6*s**3 - s**2 - s. Let r be k(-1). Suppose 3*m = 5*m + 5*p - a, 0 = 2*p - r. What is the tens digit of m?
6
Suppose 4853437 = -478*w + 8942433 + 6526428. What is the ten thousands digit of w?
2
What is the hundreds digit of (9 - 0) + (-80530)/(-10)?
0
Let s(v) = v - 1. Let p(l) = -235*l + 5. Let m(g) = 2*p(g) + 22*s(g). Let h be m(-1). Let u = h - 137. What is the units digit of u?
9
Let l = 75 + -71. Suppose -i + 58 = l*f + 2*i, 10 = 5*i. Suppose -1577 = -f*r + 334. What is the tens digit of r?
4
Let k(y) = y**3 - 4*y**2 + 6*y - 11. Let v(s) = s + 10. Let f be v(-7). Suppose 0 = f*p - 23 + 11. What is the units digit of k(p)?
3
Let b be -4*(-10)/(-4)*-1. Let s(l) = l - 10. Let i be s(b). Suppose i = 7*a - 0*a - 497. What is the units digit of a?
1
Suppose 5*q - 370 = -y, -3*y = -4*q - 233 - 782. What is the hundreds digit of y?
3
Let w(k) = -472*k**3 - 24*k**2 - 35*k + 168. What is the units digit of w(-4)?
2
What is the units digit of (-46027025)/(-1149) + -2 + 24/9 + 0?
9
Let n be (53 - -6) + 6 + 6. Suppose -4*s + n = 51. What is the units digit of s?
5
Suppose h + x = 443, -5*h - 2*x = -2740 + 522. Suppose h = 6*w - 258. What is the hundreds digit of w?
1
Suppose 105*m + 334969 - 2085949 = 0. What is the tens digit of m?
7
Let n be 3012/(-6)*(-1)/2. Suppose -15 = 3*y, 4*y = 4*f + y - n. Let b = -7 + f. What is the units digit of b?
2
What is the units digit of (((-296684)/(-6))/17)/(4/6)?
3
Suppose -3*b + 204194 = -2*u, -2*u = 177 - 169. What is the hundreds digit of b?
0
Let j(h) = -h**2 + 59*h - 297. Let c be j(54). Let z be (-1296)/(-21) - (-4)/14. Let o = z + c. What is the tens digit of o?
3
Suppose 0 = 7*m + 120 + 20. Let i = m + 35. Suppose 17*z - i*z = 210. What is the tens digit of z?
0
Suppose 5*o + 10 = 0, 4*l = 3*o + 2*o + 74. Suppose 2*t + 4*w + l = 0, 0 = -w - 2*w - 12. Suppose -4*m + 8*m - 176 = t. What is the tens digit of m?
4
Suppose 3*t - 6*t = -12, 5*x - t = 12746. What is the thousands digit of x?
2
Suppose 17*j = -j + 144. Suppose -4*w - j*w + 8880 = 0. What is the tens digit of w?
4
Let r(l) be the second derivative of -l**5/1